it of j?
5
Let d(z) = -35*z - 109. What is the tens digit of d(-19)?
5
Let f be (7 + -6)*(1 + 9)/2. Suppose 2*m = f*v - 362, 0 = 4*v + m - 333 + 33. What is the units digit of v?
4
Let b(d) = -d**3 + 9*d**2 - 8*d - 5. Let t(v) = v**2 + 13*v + 12. Let h be t(-12). Let y be 7 - h/(-2 - 2). What is the units digit of b(y)?
7
Let w(l) = 2*l - 7. Let m be w(6). Suppose 5*o + 330 = -m*h, 0*o + 2*o + 4*h + 142 = 0. Let r = -38 - o. What is the units digit of r?
3
Suppose -3*j - j + 3*f + 352 = 0, 0 = -5*f + 20. Let x = 164 - j. What is the units digit of x?
3
Suppose 24*b - 26*b = -6. Suppose -61 = -5*s + 19. Suppose -b*r + s = -11. What is the units digit of r?
9
Suppose -5*r + 42 = -0*r - 3*k, -43 = -5*r + 2*k. Suppose r*d - 6*d = 156. What is the units digit of d?
2
Suppose -4*h + 20 = 0, 45 = 5*c + 6*h - 2*h. Suppose 3*l - c*i - 545 = 0, 0*i = -4*l + 4*i + 716. What is the tens digit of l?
7
What is the tens digit of 14/7 - -167*(-4)/(-2)?
3
Let f = -17 - -23. Suppose f*y + 86 + 28 = 0. Let x = y + 39. What is the tens digit of x?
2
Suppose -11*j = -78*j + 30820. What is the hundreds digit of j?
4
Suppose -17*l + 12 = -13*l. Suppose 124 = -5*x + 3*o + 595, x = -l*o + 87. What is the units digit of x?
3
Suppose -4*b = -3*f + 2316, -3*f + b = -7*f + 3088. What is the units digit of f?
2
Let f = 5 - -6. Suppose f = 4*i + 3. Suppose 6*r = i*r + 176. What is the units digit of r?
4
Let n = 269 - 30. Suppose -u - b + 124 = 0, 0 = u + u - b - n. What is the units digit of u?
1
Let p(d) = d**3 - 6*d**2 + 4*d + 7. Suppose -2*a = -a - 5. Let b be p(a). Suppose m - b*w = -0 + 6, 30 = 5*m + 2*w. What is the units digit of m?
6
Let h = -59 - -57. Let p(x) = 40*x**2 - x + 2. What is the tens digit of p(h)?
6
Let h(a) = 19*a**2 + 20*a - 18. What is the tens digit of h(-6)?
4
Let q be -82*(-3 + -1)/8. Let b = -29 + q. What is the tens digit of b?
1
Suppose -13*l = -14*l. Suppose l = h + 2*h, -g + 15 = -3*h. What is the tens digit of g?
1
Let d be 2*(-3 + (-44)/(-8)). Suppose -5*r + a + 129 = -46, -175 = -5*r - d*a. What is the tens digit of r?
3
Let i(z) = -z**3 - 1. Let q be i(1). Let y be 78/((-4)/(4/q)). Suppose 0 = 3*p - y - 48. What is the units digit of p?
9
Suppose 7*l - 11*l = -3*s - 12229, 4*s - 4 = 0. What is the units digit of l?
8
Suppose 6 = 3*z - 0*z. Let b(r) = -8*r**3 + 7*r**3 - 2*r - 9*r**z - r**2 - 10. What is the tens digit of b(-10)?
1
Suppose 11*t = 10*t + 75. Let b = 28 - t. Let n = -30 - b. What is the units digit of n?
7
What is the units digit of 56/10*55/22*5?
0
Suppose 23*r - 4208 = 7*r. What is the units digit of r?
3
Let s = 10 + -1. Suppose s*a = 4*a - 5*y + 35, 2*a = -y + 11. Suppose -a*w + 0 = -4*z + 4, -3*z = -15. What is the units digit of w?
4
Suppose -7*c = 4*g - 8*c - 2276, -5*g - c + 2854 = 0. What is the hundreds digit of g?
5
Let m(l) = 178*l**2 - 4*l + 3. What is the hundreds digit of m(2)?
7
Let r(q) = -3*q + 2. Let i be r(-1). Suppose 2*x - 96 = -2*f, i*x = 4*x - 3. What is the units digit of f?
1
Let a be (-6*1)/(6/28). Let j = -23 - a. Suppose -j*h - 2*u = -188, 0*u + 4 = u. What is the tens digit of h?
3
Suppose 2*d - 1 = 5*w + 59, -2*w - 8 = -4*d. What is the tens digit of (-22496)/(-112) + (-2)/w?
0
Let g(d) = 7*d - 1. Let a be g(-1). Let v = a + 8. Suppose 5*f + i - 50 = v, 2*f = -5*i + 1 - 4. What is the tens digit of f?
1
Suppose 13*d - 17*d = -16. What is the units digit of ((-64)/20)/(d/(-10))?
8
Let m = 2542 + -769. What is the thousands digit of m?
1
Let y be (-4)/(-10) + 544/(-85). Let r = 6 - y. What is the tens digit of r?
1
Let w(n) = n**2 + 4*n - 64. Let r be w(6). What is the hundreds digit of r + 257 + (1 - -2)?
2
Let x(a) = 136*a**2 + 2. Let l be x(-1). Suppose -4 = -3*w + 2*w. Suppose w*u - u = l. What is the tens digit of u?
4
Let o = 432 - 151. Suppose -o - 127 = -3*l. What is the tens digit of l?
3
Let h(y) be the first derivative of -y**4/4 - y**2/2 + 5*y - 13. Let k be h(2). Let c = 10 - k. What is the tens digit of c?
1
Let x = -1163 - -1802. What is the hundreds digit of x?
6
Let k(h) = -57*h**3 + h**2 - 5*h - 3. What is the units digit of k(-2)?
7
Suppose -2*g - 184 = -3*h, -h + 3*g - g + 68 = 0. What is the tens digit of h?
5
Let l = 236 + -233. Let g = 2 - 2. Suppose l*k = -g*k + 87. What is the tens digit of k?
2
Let d be (0 - -16)/(4/(-4)). Let c = d + 18. Suppose 0 = -h + c + 75. What is the tens digit of h?
7
Let l(f) = -f**2 - 7*f + 8. Let b be l(-8). Let z = -3 + b. What is the units digit of 1/(26/(-9) - z)?
9
Let v(i) = 106*i**3 - 3*i**2 - 3*i + 4. Let w be v(1). Let p be 1 - (43 - (0 - 2)). Let a = w + p. What is the tens digit of a?
6
Let u be 0/(-1 + (5 - 2)). Let t(r) be the second derivative of r**4/12 - r**3/6 + 19*r**2/2 - 2*r. What is the units digit of t(u)?
9
Let o(b) = -2*b**2 - 18*b - 12. Let y be o(-8). Suppose -y - 14 = -3*q. What is the units digit of ((-4)/q)/(4/(-288))?
8
Suppose 2*j + 1424 = -4*h + 5582, -5*j = -h + 1056. What is the units digit of h?
1
Let c be (-22)/(-66)*13*3. What is the units digit of 13/c + -1 + 2?
2
Let o(q) = q**3 + 14*q**2 + 15*q - 4. Let s = -31 + 18. Let j be o(s). Let t = j - -75. What is the tens digit of t?
4
Let s(v) be the first derivative of v**5/120 + v**4/2 - 5*v**3/3 - 2. Let c(m) be the third derivative of s(m). What is the tens digit of c(0)?
1
Let b = -174 - -275. Let k = -53 + b. What is the units digit of k?
8
Let l(u) = 7*u - 40. Let q be l(6). Suppose -q*x = -x - 140. What is the tens digit of x?
4
Let u(q) = -q**2 - 4*q + 7. Let y be u(-5). Suppose -y*p = -p. Suppose p = -3*v - d + 13, v + 3*d - 8 = 7. What is the units digit of v?
3
Suppose -g = -5*o - 31, -5*o - 16 = -o - 3*g. Let x be (-2 + 16)*o/2. Let a = x + 71. What is the units digit of a?
2
Let f(n) = n**3 + 6*n**2 - n - 2. Let i be f(-6). Suppose -z + 2*j = -4, -i*z + 4*j = 12 - 28. What is the tens digit of z/(-18) + 411/27?
1
Suppose -2*r = -3*g - 1174, 12*r - 9*r - 3*g - 1758 = 0. What is the units digit of r?
4
Let u(l) = l**2 - 30. Let w(o) = -o**2 - o. Let j(d) = -u(d) - 4*w(d). What is the units digit of j(-7)?
9
Suppose -4 = -2*j - 0*j. Suppose 8 = -2*f, -4*z - 2*f = j*f - 188. Suppose -z - 6 = -o. What is the tens digit of o?
5
Let i(l) = -1066*l**3 - l**2 + 2*l - 1. Let s be i(1). What is the tens digit of s/(-12) - (-8)/48?
8
Let j be (-4)/5 - ((-16)/20)/1. Suppose d - 176 = -2*u, j*d = -d - 4*u + 176. What is the hundreds digit of d?
1
Suppose 0 = 2*w - c + 6*c + 52, 3*w + 4*c + 64 = 0. Let f(g) = g**3 + 17*g**2 + 11*g + 20. What is the units digit of f(w)?
0
Let l(w) = -54*w - 136. What is the units digit of l(-14)?
0
Suppose 765 = 17*y + 187. Let w be (-20)/(2/2) - 0. Let d = y + w. What is the units digit of d?
4
Let l = 124 + 240. What is the units digit of l?
4
Suppose 0 = 31*k - 123509 + 5089. What is the hundreds digit of k?
8
Let u(q) = q**3 - 24*q**2 + 25*q + 2. What is the units digit of u(23)?
8
Suppose -3*p - 87 = -2*z, -z + 2*p - 11 + 56 = 0. Suppose 0 = -2*f - z + 185. What is the tens digit of f?
7
Suppose 5*s - 64 + 19 = -5*d, -5*s + 5*d + 25 = 0. Let f(h) = 16 + 3*h + 0*h - h - s. What is the tens digit of f(9)?
2
What is the units digit of 2319 + -2 - ((-168)/14 - -18)?
1
Suppose -x - 3*k - 1 = 42, 3*k - 161 = 5*x. Let g = 74 + x. What is the units digit of g?
0
Let b = -116 - -134. What is the tens digit of b?
1
Suppose -3*h + 1124 = h. Suppose -3*b - 38 = -h. What is the units digit of b?
1
Let j be 2*(6/30)/((-4)/(-3610)). Suppose 11*g - j = 1487. What is the units digit of g?
8
Suppose -10 = 5*w, 3*h - 1 = -0*h + 5*w. Let b be 4/(4/h) - -12. Let m = 12 - b. What is the units digit of m?
3
Let w(m) = 38*m**2 + m + 2. Let h be w(2). Let t = h - 48. What is the tens digit of t?
0
Suppose 4*b = 8*b + 3*g - 1574, 4*b + 4*g = 1572. Let f = b + -235. Suppose 4*x + 0*x = f. What is the units digit of x?
0
Suppose -79*k + 3266 = -77*k. What is the tens digit of k?
3
Suppose -f = 5*f - 294. Let u = -9 + f. What is the tens digit of u?
4
Let j(m) = 4 - m**2 - 1 + 7*m - 3 + 2. Let n(s) = 2*s. Let h be n(3). What is the units digit of j(h)?
8
Suppose -12 = -7*z + 4*z. Suppose -z*b = -9*b + 445. What is the units digit of b?
9
Let k = -52 + 22. What is the hundreds digit of 1/(-2) - 5325/k?
1
Suppose -5*f = -5*x - 0*f + 1725, -2*x = -f